ppose n = 17*m - 16*m. Suppose -8*r - 5*r + 1547 = m. Calculate the greatest common factor of 7 and r.
7
Let h be ((-156)/13 - 4) + 27. What is the greatest common factor of h and 10384?
11
Let k = 247 + -246. Let y(s) = 14*s**3 - 9*s**3 + 2 + 11*s**2 - 7*s**2 - 5*s. Let c be y(k). What is the greatest common divisor of 48 and c?
6
Suppose -7*z = 10 - 31. Suppose -58*t + z = -55*t. Calculate the greatest common divisor of 40 and t.
1
Let o = 23 - 13. Let u = 480 - 788. Let k = u - -328. What is the highest common factor of o and k?
10
Let q = -3329 + 3434. Calculate the greatest common divisor of 2625 and q.
105
Suppose 0 = -2*t - 3*c + 49 + 29, 3*c + 90 = 2*t. What is the greatest common divisor of t and 819?
21
Suppose -2*x + 0*q + 12 = -4*q, 3*x + q - 4 = 0. Suppose x*h - 244 = -236. Calculate the greatest common factor of h and 5.
1
Suppose -6*r = 43*r - 28385 + 1974. What is the highest common factor of r and 231?
77
Let v = -39 + -36. Let r be -1 + (-86)/(-6) + (-50)/v. Suppose 25*t - r = 24*t. Calculate the greatest common factor of t and 56.
14
Let n(r) = 7*r**3 - r**2 + 4*r - 87. Let q be n(5). What is the greatest common divisor of 12 and q?
3
Suppose 1408*l - 1414*l = -3120. Let w = -439 + l. What is the highest common divisor of 45 and w?
9
Suppose -3*a - 5*v = -80, -4 = -3*v - 1. Suppose x = 5*c - 395 - 982, 0 = -5*c + 2*x + 1379. What is the highest common factor of c and a?
25
Let c = -29 - -21. Let h be 2/(-4) - (5 + 1524/c). Suppose 5*v - 3*i = 785, v + 5*i - h = -0*v. Calculate the greatest common divisor of 64 and v.
32
Let k = -41580 - -41700. Suppose m + 3*y + 95 = 2*m, -385 = -5*m - 3*y. Calculate the highest common factor of k and m.
40
Let b = 164 + -81. Suppose -6285 = -15*y - 5145. Let h = b - y. Calculate the highest common divisor of 49 and h.
7
Let v(m) = -m**2 + 50*m - 236. Let f be v(12). Calculate the highest common divisor of f and 132.
44
Suppose -4*w + 12634 = n + 2797, -4*w - 5*n = -9825. Calculate the greatest common factor of 15 and w.
15
Let n = -7661 + 11184. What is the greatest common divisor of 26 and n?
13
Let t be (-2)/10 + 151/5. Let c = -84772 - -84842. What is the highest common divisor of c and t?
10
Suppose -11266 + 1326 = -142*z. Calculate the highest common factor of z and 55.
5
Suppose -5*h + 2*t = -0*h - 43, 55 = 5*h - 5*t. Let r(z) = h - 14 - 7*z + 6 + 24*z. Let s be r(1). Calculate the greatest common factor of s and 176.
16
Let b = -1432 + 1507. Let r = -75 + 25. Let t = b + r. What is the highest common factor of 225 and t?
25
Let w = -70515 + 70762. Let n(t) = -t**2 - t + 26. Let h be n(0). What is the highest common divisor of w and h?
13
Suppose -5*r + 25 = 0, -3*u - r = u - 2125. Let h = u - 322. Let g = -53 + 79. Calculate the highest common divisor of h and g.
26
Suppose -1064 = -4*h - 404. Let i(w) = -3*w - 5. Let q be i(-3). Let v = q - -11. What is the highest common divisor of h and v?
15
Let y = -168 + 497. Let a be (-6)/7 + 13442/y. Let u = 30 + 30. Calculate the highest common divisor of u and a.
20
Let g be -4*18/288 - (-57514)/8. Calculate the highest common factor of 364 and g.
91
Let q = -1066 - -1338. What is the greatest common factor of 170 and q?
34
Suppose -5*f + 3*m = -683, -7*f + 3*f + 5*m = -536. Calculate the greatest common divisor of 9313 and f.
139
Suppose 5*u + d - 936 = 0, 1073*u - 3*d = 1072*u + 200. What is the greatest common factor of u and 7849?
47
Let b(z) = z**3 - z**2 + 45*z - 197. Let d be b(11). What is the greatest common factor of 520 and d?
52
Suppose 5*s - 8 - 22 = 5*d, 4*d + 12 = s. Suppose 122 = -3*l + 4*k, -s*l + 0*k - 2*k = 170. Let o = l + 58. What is the greatest common divisor of 80 and o?
16
Suppose -11*c - 331 = 2*c - 825. What is the greatest common factor of c and 20653?
19
Let b be (-25 + 26 - (-1 + 4)) + 38. Suppose -2*q + 43 = -3*v, b = q + 2*q + 5*v. What is the highest common factor of 3 and q?
1
Let u = 15 - 7. Let j be u/12 + (-10)/(-3). Suppose j*p + 0*m - 2*m = 60, -4*m + 30 = 2*p. Calculate the highest common factor of 75 and p.
15
Suppose -3*h = 5*a + 25, -h = 4*a - 5*h + 20. Let w be (-48)/a*(135/18 + -5). Calculate the greatest common factor of w and 276.
12
Let o(y) = -5*y - 29. Let s be o(-7). Suppose 5*f + 1 = s, 52 = 4*r + 4*f. Calculate the highest common factor of 3 and r.
3
Suppose 0 = -p + 4*x - 7*x + 2, -4*x + 3 = p. Let s be (36/(-8))/(p/2). Suppose s*i - 15*i = -180. Calculate the highest common factor of 10 and i.
10
Suppose -2*i = -4*y + 43 - 337, -4*i = y - 570. Let l = -793 + 820. Let f be (-58)/261 - ((-606)/l)/2. What is the greatest common factor of i and f?
11
Let s = -37771 - -37885. Suppose -y = -5*y + 152. What is the highest common factor of y and s?
38
Let c(w) = -37*w + 1480. Let a be c(31). What is the highest common divisor of a and 63?
9
Let c be 3 - ((-1)/(-2))/(2/(-8)). Let x be (-36)/60 - (-13)/c. Suppose 4*z - 157 = 3*a, 5*z - 123 = -x*a + 79. What is the highest common factor of 8 and z?
8
Suppose -3*j - 5*t = -19236 - 11822, -4*j = 5*t - 41409. What is the highest common factor of j and 11?
11
Let f(g) = -78*g + 13284. Let p be f(158). Calculate the highest common divisor of 75 and p.
15
Let h be (26 + (-1968)/72)/(2/(-18)). What is the greatest common divisor of 83 and h?
1
Let s = -113 + 169. Suppose 17*b - 192 = 11*b. Suppose x - 16 = -2*v + 3*x, -3*x + b = 5*v. What is the highest common divisor of v and s?
7
Let l be (-12)/(-10) + 130914/630. Suppose 10*q + 629 = 1769. Calculate the greatest common factor of l and q.
19
Let u be (-13)/(-5) + 3/(-5). Suppose -r - 2 = 4. Let w(f) = f**2 + 10*f + 29. Let k be w(r). What is the highest common divisor of u and k?
1
Let x(h) = h**3 + 35*h**2 + 31*h + 34. Suppose -68 = -94*c + 96*c. Let d be x(c). Calculate the greatest common factor of 68 and d.
68
Let f(v) = 17*v + 10. Let z be f(-1). Let g = z - -75. Calculate the highest common divisor of 748 and g.
68
Suppose -60 = -3*c + 66. Let t be (-1)/2 - 64605/(-438). Calculate the highest common divisor of c and t.
21
Let s = -10 + 18. Suppose -s*f + 18 = -5*f. Suppose -f*j = -3*j + 9, 2*z = -4*j - 2. What is the greatest common factor of 55 and z?
5
Let b = 20 - 62. Let y = -41 - b. Calculate the greatest common divisor of y and 1.
1
Let f(p) = 6*p**3 - 98*p**2 + 40*p - 116. Let x be f(16). Calculate the greatest common factor of 4 and x.
4
Suppose -22*j + 3312 + 46857 + 47269 = 0. What is the greatest common divisor of 103 and j?
103
Let l = -289 + 311. Let y = -11 + l. What is the greatest common factor of y and 11?
11
Let u = -59 - -55. Let g be (-1*(-11)/u)/(5/(-20)). Let l(m) = m**3 - 11*m**2 + 7*m + 13. Let s be l(g). Calculate the highest common divisor of 60 and s.
30
Let w be 3 - 1/(145/(-345) - (-12)/138). What is the greatest common divisor of w and 1306?
2
Suppose 1742*n - 1712*n - 8580 = 0. Calculate the highest common factor of 319 and n.
11
Let r = -1183 + 9971. What is the greatest common divisor of 52 and r?
52
Suppose 48 + 96 = 5*v + c, 3*v - 120 = 5*c. Calculate the highest common divisor of 3390 and v.
30
Suppose -3*y - 35 = -5*c - 5, -4*c = 4*y - 24. What is the greatest common factor of 78 and c?
6
Let u(p) be the first derivative of 2/3*p**3 - 16 + 3*p**2 - 2*p. Let w be u(7). Calculate the highest common factor of 46 and w.
46
Let r be 48*9*4/54. What is the greatest common factor of r and 464?
16
Let c = 19 + -6. Suppose -58*z = -28*z - 3510. Calculate the greatest common divisor of c and z.
13
Let m = 30 - 25. Suppose -4*j = j + m, 3*d - 118 = -5*j. Let r = -875 + 916. Calculate the highest common factor of d and r.
41
Let z = 258 + -205. Suppose z = 2*v - 5*i - 12, 55 = 3*v + i. What is the greatest common divisor of v and 70?
10
Let g = -499 - -511. Let q(n) = 17*n - 181. Let c be q(g). What is the highest common factor of c and 69?
23
Let p = -45 + 39. Let n be p/(-2)*10120/165. Calculate the greatest common divisor of 138 and n.
46
Suppose 3*z = 2*f - 614, -7*f + 1560 = -2*f + 5*z. Let c be (4/20)/(2/f). Calculate the greatest common factor of c and 62.
31
Let w(o) = o**2 + 9*o + 11. Let g be w(-10). Let b be 42/12*(576/g)/4. What is the greatest common divisor of b and 6?
6
Let r be 3 + (1/2)/(5/(-10)). Suppose 2*u = -s + 22, r*u = u + s + 5. Let p be (-64